 + 4*h. What are the prime factors of f?
2, 11
Let t(w) = -2495*w - 846. List the prime factors of t(-4).
2, 4567
What are the prime factors of (-13 + 5)/(1 + (-1 - 4/2894))?
2, 1447
Let u = 2668 + -831. Suppose 14*p - u = -591. What are the prime factors of p?
89
Let n(f) = -f**3 - 22*f - 5. Let p be n(-11). Suppose 19*k - p = 11*k. List the prime factors of k.
2, 7
Let h(y) = 3*y - 4. Let b be h(15). Let f = -39 + b. Suppose 3*w - f*k = 155, 0 = -2*k + k - 1. List the prime factors of w.
3, 17
Let s(t) = t**2 - 7. Let m be s(-3). Suppose 0 = m*f + 5*f - 126. Let o = 8 + f. List the prime factors of o.
2, 13
Let p = 443 - -314. List the prime factors of p.
757
Let x = -4 + 12. Let o(m) = 15*m**2 - 14*m - 4*m**2 - 26 + 20*m - 9*m**2. List the prime factors of o(x).
2, 3, 5
Let p(n) be the first derivative of n**4/4 + 20*n**3/3 + 7*n**2 + 18*n - 80. Let i(w) = w**2 + 9*w - 5. Let f be i(-7). What are the prime factors of p(f)?
113
Let p(t) = -6*t - 14. Let n(u) = -2*u**2 + u - 2. Let x be n(1). Let g be p(x). List the prime factors of g + -1 + 1 + 93.
97
Let i(j) = 53*j**3 - 100*j**3 + 63*j**3 - 3*j + 5*j**2 - 3*j**2. What are the prime factors of i(2)?
2, 5, 13
Suppose -3*m = -4*z - 707, -787 - 95 = 5*z - 2*m. List the prime factors of (122/8*-2)/(8/z).
11, 61
Let v(d) = 7*d**3 + 6*d**2 + 4*d - 5. Let c(u) = 4*u**2 - 1. Let f be c(1). What are the prime factors of v(f)?
2, 5
Suppose 2*g + 12 = 2*m, 2*m + 2 = -g - 4*g. Suppose 12*d - 2200 = m*d. Suppose -2*v + d = 3*l, 2*v - v + 5*l - 120 = 0. What are the prime factors of v?
5, 29
Suppose 3*b = -b + 5*v + 56, v - 4 = 0. Suppose -7*m = -b*m + 600. List the prime factors of m.
2, 5
Let m be 4 - 2 - 0 - (4 + -290). Let o = m + -190. List the prime factors of o.
2, 7
Suppose -8 = 3*w - 5. Let l be -1 + ((-3)/w - 0). Suppose -a - 5*u = -4*u - 198, -l*u = -6. List the prime factors of a.
3, 5, 13
Suppose 31*o - 64 = -2. Suppose 10*n - 2302 = 6*n + o*d, 5*n - d = 2879. List the prime factors of n.
2, 3
Let z be (0 - (-118)/3)/(4/30). Let m = z + -138. List the prime factors of m.
157
Let q = 50203 + -29065. List the prime factors of q.
2, 3, 13, 271
Suppose 5*t = v - 56632, -130*v - 3*t = -135*v + 283182. List the prime factors of v.
3, 7, 29, 31
Let q = -638 + 1237. Let x = q - 368. Suppose 2*l + g - 144 = 0, -16 = 3*l + 2*g - x. List the prime factors of l.
73
Let i(x) = -4*x - 64. Let r be i(-19). Let t be -9 + 14 + r + 0. What are the prime factors of t*(-2)/((-2)/7)?
7, 17
Suppose -24 = -13*u + 28. Suppose q - 45 = -v + 37, -2*q + u*v = -194. List the prime factors of q.
3, 29
Let x be 2/((-3)/(36/21) - -2). Suppose 200 = -2*a - x*a. Let l = a - -97. List the prime factors of l.
7, 11
Let w = -5398 - -10405. What are the prime factors of w?
3, 1669
Let y be 3*(-25 - -26 - (5 + -1)). Let q(p) = -3*p**3 - 19*p**2 + 11*p + 4. What are the prime factors of q(y)?
7, 79
Suppose 7*v = -1330 + 4123. Let y(a) = -a + 17. Let p be y(8). Suppose 24 = p*o - v. List the prime factors of o.
47
Let i be -3*1 + 10 + -5. Suppose 5*n + d = 41, -i*d + 10 = -n + 3*n. Suppose -5*h - 120 = -n*h. What are the prime factors of h?
2, 3, 5
Let a = 441 + -441. Suppose a*c - 3*c = -1341. What are the prime factors of c?
3, 149
Suppose 2*j - 5*j = -189. Suppose -j = l + 28. What are the prime factors of 1/(3/(-1) + (-280)/l)?
13
Let u be (-48)/22 - -4*(-2)/(-44). Suppose -3*k - 4*q + 86 = -k, 3*k + q - 104 = 0. Let r = u + k. What are the prime factors of r?
31
Let p be (18/3)/(4/(-14)). Let r = 3 + p. What are the prime factors of r/(-63) + (-180)/(-7)?
2, 13
Let o(w) = 5*w + 2. Let r be o(1). Suppose 5*t - 18 = r. Suppose -3*d - 2*b = -182, 3*d = -t*b + 39 + 137. What are the prime factors of d?
2, 31
Let y = 194 + -191. Suppose 959 - 3002 = -y*g. List the prime factors of g.
3, 227
Suppose 0 = -u - 3*t + 201 + 73, -3*u = -3*t - 786. Suppose -3*r + 876 = y, -4*y + 319 = 2*r - u. What are the prime factors of r?
2, 73
Suppose 0 = 14*j + 13*j - 216. Suppose -3*d + n = -2465, -2*d + 3*d - 807 = 4*n. Suppose -17 = -j*s + d. List the prime factors of s.
3, 5, 7
Let c be (980/(-112))/((-2)/136). Let m = 631 - c. What are the prime factors of m?
2, 3
Suppose 100*w + 5*d - 12295 = 95*w, 4932 = 2*w - 5*d. List the prime factors of w.
23, 107
Let a(v) = -163*v**3 - v**2 + v + 1. Let q = 84 + -88. Let u(t) = 2*t**2 + 7*t - 5. Let s be u(q). What are the prime factors of a(s)?
2, 3
Suppose 0 = 33*y - 31912 - 323498. List the prime factors of y.
2, 3, 5, 359
Suppose 1534923 - 2849463 = -69*h + 3219726. What are the prime factors of h?
2, 11, 29, 103
Suppose 8*o - 27 + 27 = 0. Suppose 4*x + 14*x - 28440 = o. List the prime factors of x.
2, 5, 79
Let x(z) = 6*z + 2. Let i be x(32). Suppose -k - 54 = -i. What are the prime factors of k?
2, 5, 7
Let s be (-1)/(-3)*3 + 1. Suppose 0 = 3*m + s*g - 322, -m = -5*g - 72 - 7. List the prime factors of m.
2, 13
Suppose -112 - 28 = -28*k. Suppose -2*i + 3*v = -0*i - 827, 2015 = 5*i + 3*v. Suppose -k*q = -219 - i. List the prime factors of q.
5
Suppose 0 = 10*m + 175 + 185. Let a = 40 + m. Suppose -a*i = -5*g + 973, 4 = i + 1. List the prime factors of g.
197
Let z = 33 + -28. Suppose 0*k = -z*k + 15. Suppose k*g + 3*i = i + 545, -365 = -2*g - 3*i. What are the prime factors of g?
181
Let n(v) be the third derivative of v**5/30 - v**4/24 - 19*v**3/6 - 22*v**2. What are the prime factors of n(-19)?
2, 19
Suppose 91 = -9*j - 8. Let m(d) = -d**2 - 10*d + 16. Let l be m(j). Suppose l*c + 5 = 60. What are the prime factors of c?
11
Suppose x = -5*x + 30. Suppose -2*l + x*r + 21 = 0, 2*l - 3*r + 3 = 6*l. Suppose -2*o + l*o - 153 = 0. What are the prime factors of o?
3, 17
Suppose 4*d - 907 = 5*z + 84, -25 = -5*z. List the prime factors of (1 - d/2)/(130/(-845)).
3, 7, 13
Suppose -3*p = -3*q + 2*p + 1519, -4*q + 4*p + 2028 = 0. Suppose -5*i - 2*a + 3*a = -1297, -2*i - 5*a + q = 0. List the prime factors of i.
7, 37
Let a = 5194 + -3620. List the prime factors of a.
2, 787
Let o = -28 + -7. Let q = 37 + o. Suppose -3*x + 2*x - q*k = -18, -5*k = -x + 25. What are the prime factors of x?
2, 5
List the prime factors of (-8)/(-28) + ((-22170671)/172)/(14/(-8)).
73, 1009
Suppose -9*g = 58*g - 1767527. List the prime factors of g.
23, 31, 37
Let p(m) = -m**3 - 80*m**2 + 165*m + 61. Let t be p(-82). Suppose -2*y - 122 = 10. Let w = t - y. What are the prime factors of w?
3, 5
Suppose -2*r + j = -4229 - 2532, r = -j + 3373. List the prime factors of (-30)/105 + r/14.
241
Let q be ((-11)/(22/(-112)))/((-1)/2). Let i = q - -123. List the prime factors of i.
11
Suppose -58*h = -37*h - 142275. What are the prime factors of h?
5, 271
Suppose -3*o - 75394 = -7*o - 2*z, 2*o = 2*z + 37676. What are the prime factors of o?
5, 3769
Let a = -19 + 37. Suppose -11*m - a = -8*m. Let d(q) = q**2 + 4*q + 4. List the prime factors of d(m).
2
Suppose 4990*x - 1680076 = 4959*x. What are the prime factors of x?
2, 17, 797
Suppose -117 = 5*s - 8*s. List the prime factors of ((-3250)/s)/((-8)/60).
5
Let g = 51 - 49. Suppose g*a = 55 + 407. Suppose 5*k - 2*k = -4*z + a, 5*k = 5*z - 245. List the prime factors of z.
2, 3
Let b(a) = a**2 - 25*a + 63. Let z be b(22). List the prime factors of (-6)/9 + (-1 - 3410/z).
5, 227
Let j(u) = -4*u + 180. Let z = 745 + -757. List the prime factors of j(z).
2, 3, 19
Suppose -813*w + 822*w = 27. Suppose 5*a - w*a = 2944. What are the prime factors of a?
2, 23
Let u(q) = -82*q**3 - 4*q**2 - 3*q + 5. Let t be u(3). List the prime factors of 2 + t/(-8) + (-4)/(-16).
2, 71
Suppose 0 = -6*n + 7*n + 2. Let o = 6 - n. Suppose -o*r + 3*r = -295. List the prime factors of r.
59
Suppose 37*d - 97 = -23. Suppose -6*i + 1120 = -2*i. Suppose 6*r - i = d*r. List the prime factors of r.
2, 5, 7
Suppose -2*g + 6 = 0, 2*x = 3*g + 20 - 15. Suppose x*h - 6*h - 4 = 0. Suppose -12*l = -h*l - 296. What are the prime factors of l?
37
Suppose 4*t = -20 + 88. Suppose 1153 = -t*h + 11795. List the prime factors of h.
2, 313
Let d = 234 - 227. Suppose -5*x = -4*h + 3544, 3*h + d*x - 2623 = 2*x. List the prime factors of h.
881
Let h be ((-5)/(-25))/((-10)/(-150)). What are the prime factors of (-3)/(h + (-1 - 4084/2040))?
2, 3, 5, 17
Suppose 5*h - 28531 = -41*d + 37*d, -1 = h. What are the prime factors of d?
2, 3, 29, 41
S